remainder when 4021 is divided by 38.
31
Calculate the remainder when 1434 is divided by 32.
26
What is the remainder when 93034 is divided by 317?
153
Calculate the remainder when 16837 is divided by 8359.
119
Calculate the remainder when 1578163 is divided by 314.
313
Calculate the remainder when 11276 is divided by 63.
62
What is the remainder when 25546 is divided by 479?
159
Calculate the remainder when 169324 is divided by 9.
7
Calculate the remainder when 136077 is divided by 120.
117
Calculate the remainder when 1812 is divided by 60.
12
What is the remainder when 5271 is divided by 32?
23
Calculate the remainder when 10996 is divided by 2703.
184
What is the remainder when 13190 is divided by 4384?
38
What is the remainder when 23774 is divided by 196?
58
What is the remainder when 84090 is divided by 28019?
33
Calculate the remainder when 1701422 is divided by 79.
78
What is the remainder when 84919 is divided by 933?
16
What is the remainder when 3669 is divided by 3640?
29
What is the remainder when 110076 is divided by 151?
148
What is the remainder when 1176462 is divided by 15?
12
What is the remainder when 5224 is divided by 56?
16
What is the remainder when 714437 is divided by 114?
113
Calculate the remainder when 58227 is divided by 212.
139
Calculate the remainder when 106210 is divided by 273.
13
What is the remainder when 15164 is divided by 57?
2
Calculate the remainder when 10188 is divided by 56.
52
Calculate the remainder when 47354 is divided by 64.
58
Calculate the remainder when 17926 is divided by 42.
34
Calculate the remainder when 1299 is divided by 8.
3
What is the remainder when 9895 is divided by 341?
6
Calculate the remainder when 6107 is divided by 446.
309
Calculate the remainder when 3050 is divided by 32.
10
What is the remainder when 76779 is divided by 20?
19
Calculate the remainder when 15946 is divided by 6.
4
Calculate the remainder when 1881 is divided by 43.
32
Calculate the remainder when 1483 is divided by 43.
21
What is the remainder when 23488 is divided by 139?
136
What is the remainder when 1258 is divided by 37?
0
Calculate the remainder when 508797 is divided by 380.
357
Calculate the remainder when 55054 is divided by 706.
692
What is the remainder when 28171 is divided by 303?
295
What is the remainder when 425271 is divided by 60?
51
What is the remainder when 23845 is divided by 458?
29
Calculate the remainder when 15235 is divided by 311.
307
Calculate the remainder when 7462 is divided by 36.
10
Calculate the remainder when 2688 is divided by 861.
105
What is the remainder when 2247 is divided by 325?
297
Calculate the remainder when 286896 is divided by 27.
21
Calculate the remainder when 2789528 is divided by 85.
83
Calculate the remainder when 578 is divided by 283.
12
What is the remainder when 982515 is divided by 793?
781
Calculate the remainder when 3197 is divided by 776.
93
Calculate the remainder when 19345 is divided by 27.
13
What is the remainder when 5291450 is divided by 556?
554
Calculate the remainder when 5433 is divided by 774.
15
What is the remainder when 6709 is divided by 248?
13
Calculate the remainder when 391385 is divided by 2477.
19
Calculate the remainder when 388775 is divided by 77749.
30
What is the remainder when 2249 is divided by 2244?
5
Calculate the remainder when 891360 is divided by 445677.
6
Calculate the remainder when 21166 is divided by 5277.
58
Calculate the remainder when 8433 is divided by 4034.
365
What is the remainder when 9646 is divided by 39?
13
What is the remainder when 1086 is divided by 1080?
6
What is the remainder when 465 is divided by 308?
157
Calculate the remainder when 17765 is divided by 10.
5
What is the remainder when 1526 is divided by 320?
246
Calculate the remainder when 268086 is divided by 38.
34
Calculate the remainder when 123725 is divided by 44.
41
What is the remainder when 51185 is divided by 113?
109
What is the remainder when 248 is divided by 234?
14
What is the remainder when 23062 is divided by 11453?
156
Calculate the remainder when 355504 is divided by 47.
43
Calculate the remainder when 674 is divided by 130.
24
Calculate the remainder when 199570 is divided by 60.
10
What is the remainder when 2165 is divided by 80?
5
Calculate the remainder when 56920 is divided by 495.
490
What is the remainder when 20476 is divided by 366?
346
Calculate the remainder when 21505 is divided by 107.
105
What is the remainder when 11960 is divided by 1888?
632
Calculate the remainder when 47233 is divided by 7.
4
What is the remainder when 102 is divided by 97?
5
What is the remainder when 5904 is divided by 112?
80
What is the remainder when 10176 is divided by 5084?
8
What is the remainder when 1872989 is divided by 27?
26
What is the remainder when 6207 is divided by 48?
15
What is the remainder when 360915 is divided by 5?
0
Calculate the remainder when 46475 is divided by 553.
23
Calculate the remainder when 2337 is divided by 2106.
231
Calculate the remainder when 36934 is divided by 30.
4
What is the remainder when 482 is divided by 25?
7
Calculate the remainder when 54010 is divided by 87.
70
Calculate the remainder when 877007 is divided by 281.
6
Calculate the remainder when 1802 is divided by 12.
2
Calculate the remainder when 2705814 is divided by 97.
96
What is the remainder when 23152853 is divided by 1194?
1193
What is the remainder when 1238687 is divided by 612?
611
What is the remainder when 3220 is divided by 3149?
71
What is the remainder when 1610 is divided by 19?
14
What is the remainder when 324435 is divided by 531?
525
Calculate the remainder when 3283 is divided by 101.
51
Calculate the remainder when 2251 is divided by 2235.
16
What is the remainder when 718 is divided by 13?
3
What is the remainder when 239701 is divided by 891?
22
What is the remainder when 6827 is divided by 16?
11
What is the remainder when 3206 is divided by 879?
569
Calculate the remainder when 22430 is divided by 316.
310
Calculate the remainder when 17031 is divided by 90.
21
Calculate the remainder when 8277 is divided by 823.
47
What is the remainder when 251 is divided by 177?
74
What is the remainder when 10914 is divided by 156?
150
Calculate the remainder when 17456 is divided by 35.
26
Calculate the remainder when 1873 is divided by 507.
352
What is the remainder when 11431699 is divided by 2450?
2449
What is the remainder when 280597 is divided by 1013?
1009
Calculate the remainder when 5015 is divided by 1283.
1166
What is the remainder when 810887 is divided by 138?
137
Calculate the remainder when 46234 is divided by 272.
266
What is the remainder when 27749 is divided by 13529?
691
Calculate the remainder when 4907108 is divided by 14.
10
Calculate the remainder when 696511 is divided by 199.
11
What is the remainder when 23549 is divided by 368?
365
What is the remainder when 17603 is divided by 102?
59
What is the remainder when 2391 is divided by 75?
66
What is the remainder when 5320 is divided by 24?
16
Calculate the remainder when 751 is divided by 513.
238
What is the remainder when 4483 is divided by 39?
37
Calculate the remainder when 988 is divided by 960.
28
Calculate the remainder when 2458 is divided by 355.
328
Calculate the remainder when 15289 is divided by 1911.
1
What is the remainder when 5722 is divided by 36?
34
What is the remainder when 803975 is divided by 33?
29
What is the remainder when 856301 is divided by 32934?
17
What is the remainder when 460 is divided by 135?
55
What is the remainder when 151535 is divided by 123?
122
What is the remainder when 274 is divided by 59?
38
Calculate the remainder when 104471 is divided by 15.
11
Calculate the remainder when 181133 is divided by 36225.
8
Calculate the remainder when 6392084 is divided by 347.
344
What is the remainder when 54454 is divided by 10869?
109
What is the remainder when 193334 is divided by 414?
410
What is the remainder when 7360 is divided by 38?
26
Calculate the remainder when 150431 is divided by 316.
15
Calculate the remainder when 185909 is divided by 1431.
1310
Calculate the remainder when 2939 is divided by 258.
101
Calculate the remainder when 10781 is divided by 452.
385
Calculate the remainder when 